prime factors of 1538365535?
5, 7, 6279043
What are the prime factors of 165639658?
2, 82819829
What are the prime factors of 422241461?
17, 24837733
List the prime factors of 33742127.
17, 23, 86297
What are the prime factors of 1355013389?
17093, 79273
What are the prime factors of 176890328?
2, 47, 470453
List the prime factors of 81399541.
5077, 16033
What are the prime factors of 401770164?
2, 3, 23, 211, 6899
List the prime factors of 665481782.
2, 7, 809, 58757
What are the prime factors of 416762702?
2, 1597, 130483
What are the prime factors of 164920553?
7, 17, 1385887
What are the prime factors of 243178981?
243178981
List the prime factors of 41643254.
2, 20821627
What are the prime factors of 1303260282?
2, 3, 67, 1080647
List the prime factors of 647186368.
2, 1723, 5869
List the prime factors of 80921100.
2, 3, 5, 13, 20749
List the prime factors of 2192783678.
2, 1096391839
What are the prime factors of 512790175?
5, 23, 891809
List the prime factors of 4959295313.
7, 419, 857, 1973
List the prime factors of 103992795.
3, 5, 19, 40543
What are the prime factors of 193948496?
2, 7, 109, 15887
What are the prime factors of 25360599?
3, 11, 768503
List the prime factors of 774477735.
3, 5, 23, 2244863
List the prime factors of 2278664453.
13, 461, 523, 727
List the prime factors of 16376208.
2, 3, 341171
What are the prime factors of 27194769?
3, 7, 431663
List the prime factors of 2996158691.
2996158691
List the prime factors of 258863191.
258863191
What are the prime factors of 95452737?
3, 23, 59, 23447
List the prime factors of 447798031.
83, 1163, 4639
What are the prime factors of 922146610?
2, 5, 7, 11, 43, 27851
List the prime factors of 90021753.
3, 19, 175481
List the prime factors of 39802932.
2, 3, 13, 85049
What are the prime factors of 133035937?
43, 61, 67, 757
What are the prime factors of 50605309?
127, 398467
What are the prime factors of 4992468778?
2, 11, 17, 13348847
List the prime factors of 3599373305.
5, 11, 4211, 15541
List the prime factors of 251996001.
3, 83998667
List the prime factors of 73399635.
3, 5, 41, 89, 149
List the prime factors of 54851216.
2, 7, 489743
What are the prime factors of 2789548?
2, 697387
List the prime factors of 982960787.
937, 1049051
List the prime factors of 512145.
3, 5, 19, 599
List the prime factors of 881538718.
2, 53, 1193, 6971
What are the prime factors of 375356012?
2, 1123, 83561
List the prime factors of 1661993948.
2, 31, 13403177
List the prime factors of 539936721.
3, 59992969
What are the prime factors of 4018383?
3, 148829
List the prime factors of 783151291.
13, 17, 19, 41, 4549
List the prime factors of 69893068.
2, 7, 61, 151, 271
List the prime factors of 199605953.
83, 2404891
What are the prime factors of 469575204?
2, 3, 7, 5590181
What are the prime factors of 14307506?
2, 17, 420809
What are the prime factors of 208477493?
7, 29782499
What are the prime factors of 216440078?
2, 31, 61, 151, 379
What are the prime factors of 6497079424?
2, 11, 73, 63211
List the prime factors of 113927884.
2, 7, 37, 277, 397
What are the prime factors of 1758862104?
2, 3, 373, 196477
What are the prime factors of 9195849895?
5, 1839169979
What are the prime factors of 107954818?
2, 197, 273997
What are the prime factors of 46409044?
2, 11, 61, 17291
List the prime factors of 29841090.
2, 3, 5, 179, 5557
List the prime factors of 1603405940.
2, 5, 29, 47, 131, 449
List the prime factors of 53821974.
2, 3, 8970329
List the prime factors of 10205354.
2, 557, 9161
What are the prime factors of 207405864?
2, 3, 1297, 2221
List the prime factors of 2949450720.
2, 3, 5, 107, 57427
What are the prime factors of 39566188?
2, 2917, 3391
List the prime factors of 1779934730.
2, 5, 7, 67, 191, 1987
List the prime factors of 181118179.
11, 16465289
What are the prime factors of 1427144080?
2, 5, 17839301
What are the prime factors of 60793958?
2, 19, 1599841
What are the prime factors of 38191625?
5, 305533
What are the prime factors of 1547021349?
3, 643, 9901
What are the prime factors of 681346714?
2, 1867, 182471
What are the prime factors of 974570362?
2, 7433, 65557
What are the prime factors of 32787784?
2, 103, 39791
List the prime factors of 191166398.
2, 31, 3083329
What are the prime factors of 67474839?
3, 22491613
What are the prime factors of 2089466357?
11, 47, 127, 263
What are the prime factors of 1707941428?
2, 29, 41, 421, 853
List the prime factors of 29127471.
3, 9709157
List the prime factors of 3192824599.
613, 5208523
What are the prime factors of 315597737?
7, 13, 3468107
What are the prime factors of 66308850?
2, 3, 5, 147353
List the prime factors of 27824396.
2, 6956099
What are the prime factors of 251573093?
47, 71, 75389
List the prime factors of 253729142.
2, 457, 277603
List the prime factors of 366472689.
3, 11, 17, 61, 10709
List the prime factors of 14840275.
5, 277, 2143
What are the prime factors of 34493651?
2141, 16111
List the prime factors of 419218092.
2, 3, 97, 13339
List the prime factors of 1973599.
383, 5153
List the prime factors of 812038203.
3, 73, 15259
What are the prime factors of 510352476?
2, 3, 53, 802441
List the prime factors of 1093125968.
2, 11, 23, 31, 281
What are the prime factors of 4169863241?
17, 79, 3104887
List the prime factors of 1785999879.
3, 37, 479, 11197
What are the prime factors of 2896492421?
29, 337, 296377
What are the prime factors of 289024327?
17, 101, 168331
What are the prime factors of 105664090?
2, 5, 7, 223, 967
List the prime factors of 303052065.
3, 5, 20203471
What are the prime factors of 405257533?
331, 523, 2341
List the prime factors of 991681376.
2, 7, 4427149
What are the prime factors of 188397350?
2, 5, 19, 198313
What are the prime factors of 315808775?
5, 83, 152197
List the prime factors of 47032412.
2, 7, 41, 53, 773
What are the prime factors of 51810040?
2, 5, 173, 7487
List the prime factors of 557944715.
5, 1381, 80803
What are the prime factors of 62518477?
7, 8931211
What are the prime factors of 462264417?
3, 4943, 10391
What are the prime factors of 811462778?
2, 7, 359, 161453
List the prime factors of 23115982.
2, 11557991
What are the prime factors of 302457235?
5, 31, 1033, 1889
What are the prime factors of 185844214?
2, 92922107
What are the prime factors of 44072595?
3, 5, 7, 181, 773
List the prime factors of 258208546.
2, 17, 317, 23957
What are the prime factors of 185448984?
2, 3, 7, 1103863
List the prime factors of 268303013.
11, 53, 460211
List the prime factors of 86052497.
31, 71, 39097
List the prime factors of 1181978370.
2, 3, 5, 13133093
List the prime factors of 4221100.
2, 5, 13, 17, 191
What are the prime factors of 5451134?
2, 13, 209659
What are the prime factors of 2763668?
2, 379, 1823
List the prime factors of 1830223087.
7, 11, 23769131
List the prime factors of 42623986.
2, 83, 256771
List the prime factors of 266031193.
1511, 176063
List the prime factors of 1063319544.
2, 3, 7, 2109761
What are the prime factors of 4635040173?
3, 73, 21164567
List the prime factors of 482911924.
2, 11, 31, 354041
What are the prime factors of 39868475?
5, 29, 127, 433
What are the prime factors of 34083149?
29, 509, 2309
List the prime factors of 5332714.
2, 47, 56731
List the prime factors of 115956582.
2, 3, 7, 19, 331, 439
List the prime factors of 262168841.
11, 23833531
List the prime factors of 69702449.
137, 251, 2027
What are the prime factors of 4019969165?
5, 43, 3467, 5393
What are the prime factors of 56078879?
56078879
What are the prime factors of 174705008?
2, 277, 39419
What are the prime factors of 44692706?
2, 41, 545033
List the prime factors of 959584419.
3, 106620491
What are the prime factors of 164812586?
2, 17, 1049, 4621
What are the prime factors of 24210858?
2, 3, 7, 23, 71, 353
What are the prime factors of 170240518?
2, 7, 233, 52189
List the prime factors of 774129858.
2, 3, 977, 132059
What are the prime factors of 139003417?
7, 19857631
What are the prime factors of 38491135?
5, 397, 19391
List the prime factors of 68013939.
3, 7, 19, 373, 457
What are the prime factors of 232832103?
3, 7, 31, 357653
List the prime factors of 2879595472.
2, 13, 13844209
What are the prime factors of 1264404721?
8297, 152393
List the prim